late t(k).
-3
Let k be 9*(3/9 - 1). Let c(g) = 2*g + 6. What is c(k)?
-6
Let h(t) be the first derivative of t**3/3 + t**2 - 2*t + 6. Suppose -3*w = 4 - 16. Suppose 7*j - 2*j - 20 = 5*z, -5*j = -z - w. What is h(z)?
6
Suppose -4*t + 3*a = -3*t + 10, 5*t - 2*a = 2. Let s(h) = -4*h**t + 0*h**2 + h**2 - 4*h + 4*h**2. Determine s(5).
5
Let i = -2 + 6. Suppose 3*d - m - 15 = 0, -5*d + i*m - 3 = -35. Let q(c) = -2*c**3 + c**3 + 0*c**3 - 3 + c**2 + d*c. Determine q(2).
1
Let q(w) = 3*w - 6. Let s be q(6). Suppose n = 5*n - s. Let o(c) = -5*c**n + 3*c**2 + c - 3*c**2 - 2*c**2. Determine o(1).
-6
Let k be -1 - (-20)/8*8/10. Let m(c) be the first derivative of 6*c**2 - 2. Give m(k).
12
Let v(p) = -p + 1. Let k be -18 - -13 - -2*2. Determine v(k).
2
Let n(a) be the first derivative of -7*a**2/2 - 7*a + 2. Let r(u) = -7 + 15 + 12*u - 4*u. Let f(w) = 5*n(w) + 4*r(w). Determine f(-3).
6
Let n = 14 - 7. Let a(o) = -4 - n*o + 5*o - o**2 - 3*o. What is a(-3)?
2
Let h(w) be the third derivative of w**5/30 - w**4/24 + w**3/6 + 62*w**2. Calculate h(-2).
11
Let r = -11 + 10. Let y(i) = -6*i**3 + 15*i**2 - i + 16. Let m(n) = -n**3 + 3*n**2 + 3. Let h(b) = -11*m(b) + 2*y(b). Calculate h(r).
-1
Let u be 4*3/(6/1). Let v(y) = -6 + 8 - u + 6 - y. Calculate v(6).
0
Suppose 0*m = 2*p + 3*m + 8, -4*p = 3*m + 10. Let v(l) = -11*l**2 + l + 1. Give v(p).
-11
Let d(f) = -f**3 - f**2 - f. Let x(r) = 3*r**3 + 7*r**2 - 5*r - 4. Let p(s) = -2*d(s) - x(s). Let v(h) = 2*h + 6. Let l be v(-6). Give p(l).
-2
Let d(y) = y**3 - 3*y**2 + 4*y - 3. Suppose k + 44 = 5*k. Let o = k - 9. Determine d(o).
1
Let l be -4 + 2 + 8 + 1. Let c(a) = -a - 3. Give c(l).
-10
Let f(x) = 5*x - 3. Let m(u) = 7*u - 5. Let i(g) = -8*f(g) + 5*m(g). Let s(a) = -2*a - 1. Let y(w) = 3*i(w) - 7*s(w). What is y(4)?
0
Let y be ((-3)/(-9))/(0 - (-6)/72). Let k(g) = -g**2 + 5*g + 3. Calculate k(y).
7
Let k(q) = -q. Let d(h) = 2*h**2 + 4*h + 3. Let s be 2/4 + (-15)/10. Let v(n) = s*d(n) - 2*k(n). Give v(-2).
-7
Let o(f) = 2*f**2 + 16*f + 18. Let w be o(-6). Let z(v) = v**3 + 5*v**2 - 4*v + 5. Determine z(w).
-7
Let c(r) = -9*r - 11. Let i(f) = 5*f + 5. Let u(w) = 4*c(w) + 7*i(w). Determine u(-9).
0
Let v(m) be the second derivative of -m**4/24 - m**3/2 + 2*m**2 - 4*m. Let s(i) be the first derivative of v(i). What is s(0)?
-3
Let y(o) = 18 - 5*o + o**2 - 10 + o - 7. Give y(5).
6
Let c = 1 - -1. Let a(l) = -1 + 5*l - 2 - c*l. What is a(-3)?
-12
Let g(z) = -z**3 + z - 6. Suppose -3*r = -8*r. Suppose r = y - 5*y. Determine g(y).
-6
Let o(a) = -a**2 - 4 + 5*a + 0*a**2 + 0*a. Suppose 2*h + 14 = 4. Let k be (-1 - 0) + (1 - h). Give o(k).
-4
Let n(l) = l**2 - 3. Let x(w) = -w**3 - 3*w**2 + 5*w + 4. Let s be x(-4). What is n(s)?
-3
Suppose 3*l - 5*l = -2. Let r = 5 - l. Suppose -r*o = -21 + 1. Let g(k) = -2*k + 7. Calculate g(o).
-3
Let j(d) be the second derivative of -d**5/20 + 5*d**4/12 - d**3/3 - 5*d**2/2 - 2*d. Let q = 1 + 3. Let f be (1 + 0)/(q/16). What is j(f)?
3
Let m(y) = y**3 + 3*y**2 - 3*y + 5. Let f(k) be the second derivative of -k**3/3 - 11*k**2 + 5*k. Let s be f(-9). Give m(s).
1
Let d(k) = 16*k**2 + 7*k + 6. Let t(h) = -15*h**2 - 6*h - 5. Let g(n) = -4*d(n) - 5*t(n). Let y be -3*((-4)/(-12) - (2 + -2)). Give g(y).
10
Let s(h) = -4*h - 10. Let v be s(-5). Suppose -4*w + l + 1 = 0, -5*w + v*w - 3*l - 10 = 0. Let b(i) = 2*i. Give b(w).
-2
Let b = 33 - 13. Suppose j + 3*j - b = 0. Let p(v) = -4*v - 8. Let w(a) = 7*a + 13. Let h(q) = -5*p(q) - 3*w(q). Determine h(j).
-4
Suppose -5*q = 4*z + 9, 4*q + 4 + 3 = -3*z. Let k(u) be the first derivative of -u**4 - u**3/3 - u**2/2 - u + 14. Determine k(q).
3
Suppose i - 3*i = -4. Let p(c) = i*c - 4*c**2 + 3*c**2 - 5*c + 4*c. Suppose 2*z = 1 + 3. Calculate p(z).
-2
Let b be 1/((-9)/(-4) + -2). Suppose -4*n + 15 = x - 1, b*x + 2*n = 50. Suppose f + x = -2*f. Let w(u) = -2*u**2 - 7*u - 5. What is w(f)?
-9
Suppose -2*w - w = -6. Suppose w*d + 6 = -0*d. Let q(r) = -r - 4. Give q(d).
-1
Suppose 0 = v - 0*v - 5. Let s(k) = 6 - 2*k**3 + 5*k**2 + k**3 + 0. Give s(v).
6
Let z be (5 - 1)*39/(-12). Let h = z - -14. Let l(w) = 13*w**2 - 2*w + 1. What is l(h)?
12
Suppose -3*s - 5*p = -31, 3*s = -0*p + 5*p + 11. Let o(x) = 4 - x + 9*x - s*x. Calculate o(-5).
-1
Suppose -5*k + 0*k = -5. Let w(m) = -15*m**2 + 15*m - 7. Let v(t) = -7*t**2 + 9*t - 4. Let u(c) = -5*v(c) + 3*w(c). Give u(k).
-11
Let j(k) = -k**2 - k + 1. Let w(b) = 4*b**2 - 9. Let o(v) = 5*j(v) + w(v). Let a(r) = 8 - 1 - 2*r + 0*r. Let l be a(6). Give o(l).
-4
Let a(q) be the second derivative of 5*q**3/3 + 3*q**2/2 + 3*q. Let t(u) = -3*u - 1. Let m(z) = -2*a(z) - 7*t(z). Calculate m(1).
2
Let i(z) = -z**2 + 6*z - 2. Let r = -4 - 7. Let h = 16 + r. What is i(h)?
3
Suppose 4*z = -4*r + 12, -2*z + 2 = -0*z - 2*r. Let v(u) be the second derivative of -u**z + 1/6*u**3 - 2*u + 0. Give v(1).
-1
Let w(h) = -3*h - 6. Let l(p) = -6*p - 12. Let i(x) = 4*l(x) - 7*w(x). What is i(-4)?
6
Let t(u) be the third derivative of u**5/60 - u**4/24 + u**3/6 + 4*u**2. Calculate t(0).
1
Let c(x) = x**3 - 2*x**2 + 4*x - 2. Let j(t) = 2*t - 6. Let r be j(5). Suppose -3*m - 2 = -r*m. Calculate c(m).
6
Suppose -9 = 3*h + 3*l, -2*h + 2*l = -h - 6. Let k(j) be the second derivative of -j + 1/2*j**3 + h + 5/2*j**2. Give k(-4).
-7
Let o(c) = -7*c**3 + 2*c**2 - 4*c + 9. Let a(b) = -6*b**3 + b**2 - 3*b + 8. Let l(x) = -6*a(x) + 5*o(x). Calculate l(-4).
5
Let q(a) be the first derivative of a**2/2 - 9*a - 6. What is q(8)?
-1
Let z(v) = 6*v. Let n(q) = 9*q. Let t be n(-1). Let k = t - -8. Calculate z(k).
-6
Let i(o) = -o - 1. Let c(y) = -4*y + 7. Let l(a) = 9*a - 14. Let g(u) = 13*c(u) + 6*l(u). Let w(z) = -g(z) - 4*i(z). Determine w(-3).
-9
Let k be 3 + (-6)/4 - 6/(-4). Let i(z) = z**3 - 2*z**2 - 3*z + 4. What is i(k)?
4
Let w(x) = x**2 - 11*x + 12. Let k be w(10). Let i(m) = -m**2 + 3*m**3 - k*m**3 + 7 + 0*m**3. Suppose -h - 2*z = -z - 1, 2*h + 4*z = 4. What is i(h)?
7
Let d(h) = h**3 - 6*h**2 + 4*h - 2. Let c = 12 - 7. Let k(f) be the third derivative of -f**5/60 + 7*f**4/24 - 5*f**3/6 + f**2. Let l be k(c). Give d(l).
-7
Suppose -44 = -9*h + 5*h - 4*x, 5*h - 39 = -x. Let y(b) = b**2 - 6*b - 7. What is y(h)?
0
Let l(k) = 6*k**3 - k**2 + 2*k - 1. Let i = 29 - 28. What is l(i)?
6
Let d(q) be the first derivative of -3*q**2/2 + 2*q - 1. Let o be ((-12)/(-8))/(12/32). Suppose -o*v = 8 - 16. Determine d(v).
-4
Let d(k) = 2*k**3 - k**3 + k - 2*k**3 - 2. Determine d(0).
-2
Suppose -2*n = i - 8, -2 + 3 = -n + 2*i. Let h = n + -3. Let c(l) = 2 + 1 + 21*l**2 - 20*l**2 + l. Give c(h).
3
Suppose 14 - 5 = 3*h. Let r(p) = -p**3 + 3*p**2 + 4*p - 3. Calculate r(h).
9
Let i(g) be the third derivative of g**5/60 + g**4/4 - g**3/3 + g**2. Suppose 0 = -2*m + 6, 8*m - 30 = 3*d + 4*m. Calculate i(d).
-2
Let z(t) = t**2 + t - 3. Let n be (-3)/(9*(-4)/(-48)). Calculate z(n).
9
Let q(z) = -z**2 - 4*z - 3. Let y be 3/(-6) + (-3)/2. Let p be -1 - -2 - (y - -1). Let w = p + -4. Give q(w).
1
Let x(y) = -15*y - 7. Let q(d) = -4*d - 2. Let v(k) = -22*q(k) + 6*x(k). Calculate v(-2).
6
Let p(h) = -7*h**2 + 8*h - 5. Let q(g) = 3*g**2 - 4*g + 3. Let x(t) = -2*p(t) - 5*q(t). Determine x(4).
-5
Suppose -g = -4*j - 0 + 14, -4*g = 2*j - 16. Let f be j*(1/2 + -1). Let h(w) = -w**2 + 3*w + 2. Give h(f).
-8
Let r(a) = a + 6. Let n(s) = -9*s - 1. Let i(h) = h**3 - 3*h**2 - 6*h + 6. Let l be i(4). Let b be n(l). Let u = 12 - b. Calculate r(u).
1
Let n(p) = p**2 - p - 1. Let z(d) = -4*d**2 + 6*d + 3. Let v(q) = 3*n(q) + z(q). Let a = -94 - -96. Determine v(a).
2
Let t(z) = -5*z**3 - 5*z**2 + 4. Let i(l) = -l**3 + l**2 - 1. Let u(g) = -5*i(g) - t(g). Let w be (6/(-4) - -1)*2. Determine u(w).
-9
Let i(l) be the second derivative of l**5/20 + l**4/3 - 5*l**3/6 + l**2/2 - l. Let o(f) = f**2 + 6*f + 3. Let y be o(-4). Determine i(y).
1
Let i(n) = n - 4. Let k(j) = -6*j**3 + 3*j**2 - 3*j + 1. Let a be k(1). Calculate i(a).
-9
Let c = -13 + 9. Let h(r) = 4*r**2 + 6*r + 4. Let p(o) = o**2 - 4*o - 3. Let u be p(4). Let d(t) = -7*t**2 - 12*t - 8. Let a(v) = u*d(v) - 5*h(v). Give a(c).
-4
Let v(i) be the third derivative of i**5/60 + 7*i**4/24 + 2*i**3/3 - 3*i**2. Let m = -12 + 6. Calculate v(m).
-2
Let g(u) = 2*u + 11. Let f(m) = -m - 6. Let r(o) = 10*f(o) + 6*g(o). Calculate r(-5).
-4
Let g(r) = -r**3 + 7*